{"id":320,"date":"2024-05-11T20:49:58","date_gmt":"2024-05-11T20:49:58","guid":{"rendered":"https:\/\/www.lihasvelho.fi\/?page_id=320"},"modified":"2024-05-11T20:49:58","modified_gmt":"2024-05-11T20:49:58","slug":"rekisteriseloste","status":"publish","type":"page","link":"https:\/\/www.lihasvelho.fi\/?page_id=320","title":{"rendered":"Rekisteriseloste"},"content":{"rendered":"<h1>Rekisteriseloste<\/h1>\n<div>\n<p class=\"p1\"><b>Rekisteriseloste LIHASVELHO ajanvaraus- ja asiakastietoj\u00e4rjestelm\u00e4lle sek\u00e4 Tietosuoja-asetuksen mukainen informointi tiedon tallentamisesta.<\/b><\/p>\n<p class=\"p2\"><b>1. Rekisterinpit\u00e4j\u00e4<\/b><\/p>\n<p class=\"p2\">Rekisterinpit\u00e4j\u00e4: Lihasvelho<\/p>\n<p class=\"p2\">Y-tunnus: 2604438-6<\/p>\n<p class=\"p2\">Osoite: Lumparlankatu 1 A, 21100 Raisio<\/p>\n<p class=\"p1\">S\u00e4hk\u00f6postiosoite: info@lihasvelho.fi<\/p>\n<p class=\"p2\"><b>2. Rekisteriasioita hoitavat henkil\u00f6t<\/b><\/p>\n<p class=\"p2\"><span class=\"s1\">Rekisterin yhteyshenkil\u00f6<\/span><\/p>\n<p class=\"p1\">Jasmin B\u00e4ckman | jasmin@lihasvelho.fi | Lumparlankatu 1 A, 21100 Raisio | 045 899 6144<\/p>\n<p class=\"p2\"><b>3. Rekisterin nimi<\/b><\/p>\n<p class=\"p1\">Lihasvelho laskutuksen ja ajanvarausten rekisteri<span class=\"Apple-converted-space\">\u00a0<\/span><\/p>\n<p class=\"p2\"><b>4. Rekisterin k\u00e4ytt\u00f6tarkoitus ja tietol\u00e4hteet<\/b><\/p>\n<p class=\"p2\">Rekisterin k\u00e4ytt\u00f6tarkoitus on asiakassuhteen parantaminen, ajanvarausten mahdollistaminen ja laskutustietojen yll\u00e4pito.<\/p>\n<p class=\"p2\">Tietoja ker\u00e4t\u00e4\u00e4n rekister\u00f6idyilt\u00e4 itselt\u00e4\u00e4n. Tiedot tallennetaan ajanvarauksen yhteydess\u00e4.<\/p>\n<p class=\"p2\">Tietoja ker\u00e4t\u00e4\u00e4n my\u00f6s asiakasta palvelevalta hoitohenkil\u00f6st\u00f6lt\u00e4. Ker\u00e4tt\u00e4vi\u00e4 henkil\u00f6tietoja k\u00e4ytet\u00e4\u00e4n Rekisterinpit\u00e4j\u00e4n ja asiakkaan asiakassuhteiden yll\u00e4pitoon, laskutukseen, sek\u00e4 palvelun edellytt\u00e4mien yhteydenottojen ja viestien mahdollistamiseen. Jos asiakkaan ja Rekisterinpit\u00e4j\u00e4n v\u00e4lill\u00e4 on hoitosuhde, j\u00e4rjestelm\u00e4\u00e4n voidaan tallentaa my\u00f6s hoitosuhteen kannalta asiakkaan tallennettavaksi hyv\u00e4ksym\u00e4t tiedot. Asiakkaan toiveesta hoitotietojen osalta\u00a0 tietoja voidaan vied\u00e4 viranomaisten yll\u00e4pit\u00e4m\u00e4\u00e4n Kanta-arkistoon. Tietoja ei luovuteta kolmansien osapuolien k\u00e4ytt\u00f6\u00f6n. Rekisterinpit\u00e4j\u00e4 voi my\u00f6s l\u00e4hett\u00e4\u00e4 markkinointi- ja muita tiedotusviestej\u00e4 asiakkaalle, mik\u00e4li asiakas on sen sallinut. Asiakas voi kielt\u00e4yty\u00e4 n\u00e4ist\u00e4 tiedotteista ilmoittamalla siit\u00e4 s\u00e4hk\u00f6postitse osoitteeseen info@lihasvelho.fi.<\/p>\n<p class=\"p2\"><b>5. Rekisterin tietosis\u00e4lt\u00f6<\/b><\/p>\n<p class=\"p1\">Rekisteriin talletetaan tai voidaan tallettaa seuraavat tiedot: nimi, s\u00e4hk\u00f6postiosoite, osoite (mahdollisesti), puhelinnumero, sukupuoli (mahdollisesti), syntym\u00e4vuosi (mahdollisesti), syntym\u00e4aika tai henkil\u00f6tunnus (jos laki edellytt\u00e4\u00e4 sit\u00e4 hoitosuhteen perusteella), asiakkaan laskutustiedot, kuten etu- ja sukunimi, kieli, tieto asiakaskirjeiden vastaanotosta s\u00e4hk\u00f6postitse ja tekstiviestitse, viimeisin sis\u00e4\u00e4nkirjautuminen(jos kirjautuminen ajanvaraukseen k\u00e4yt\u00f6ss\u00e4), tiedot siit\u00e4 kuka asiakastietoja on katsellut ja muokannut, tehdyt varaukset, asiakask\u00e4ynnit, maksut ja tieto siit\u00e4 kuka niit\u00e4 on katsellut tai muokannut.<span class=\"Apple-converted-space\">\u00a0<\/span><\/p>\n<p class=\"p2\"><b>6. Tietojen luovuttaminen s\u00e4\u00e4nn\u00f6nmukaisesti ja siirret\u00e4\u00e4nk\u00f6 tietoja EU:n tai Euroopan talousalueen ulkopuolelle<\/b><\/p>\n<p class=\"p1\">Tietoja ei luovuteta kolmansille osapuolille eik\u00e4 EU:n tai Euroopan talousalueen ulkopuolelle.<span class=\"Apple-converted-space\">\u00a0<\/span><\/p>\n<p class=\"p2\"><b>7. Tietojen s\u00e4ilytys<\/b><\/p>\n<p class=\"p2\">Tietoja s\u00e4ilytet\u00e4\u00e4n asiakassuhteen jatkumisen ajan tai niin pitk\u00e4\u00e4n kun laki sit\u00e4 edellytt\u00e4\u00e4. Tietojen s\u00e4ilytyksess\u00e4 on huomioitu sit\u00e4 koskevat lait, asetukset ja direktiivit.<span>\u00a0<\/span><span class=\"Apple-converted-space\">\u00a0<\/span><\/p>\n<p class=\"p1\">Tiedot voidaan vaatia poistettavaksi mik\u00e4li laki sen sallii ja asiakas niin pyyt\u00e4\u00e4.<\/p>\n<p class=\"p2\"><b>8. Tietojen suojauksen periaatteita<\/b><\/p>\n<p class=\"p2\">Rekisterinpit\u00e4j\u00e4n k\u00e4ytt\u00e4m\u00e4 palvelimen yll\u00e4pit\u00e4j\u00e4 ja GDPR-asetuksen mukainen Tiedon k\u00e4sittelij\u00e4 on Ajas Oy.<\/p>\n<p class=\"p2\">Ajas on A1 luokan potilastietoj\u00e4rjestelm\u00e4ksi sertifioitu. Sertifiointiprosessissa on varmennettu tietoturvak\u00e4yt\u00e4nn\u00f6t ulkoisen auditointitalon toimesta.<\/p>\n<p class=\"p2\">Rekisteritiedon k\u00e4sittelyyn k\u00e4ytett\u00e4v\u00e4 verkkopalvelu on suojattu salasanoin ja palvelin sek\u00e4 muut palvelimet ovat suojattuja palomuurein, salasanoin ja muin teknisin keinoin. Salasanoja ei tallennetta palvelimelle selkokielisen\u00e4 vaan ne s\u00e4ilytet\u00e4\u00e4n suolattuina ja kryptattuina \u201csalt\u201d kulloinkin turvallisena pidettyn\u00e4 menetelm\u00e4\u00e4 k\u00e4ytt\u00e4en. Palvelin sijaitsee lukitussa ja vartioidussa tilassa Upcloud Oy:n palvelinsalissa Helsingiss\u00e4. Tietojen s\u00e4ilyvyys on varmistettu automaattisten varmuuskopioiden avulla.<\/p>\n<p class=\"p2\">Ajas Oy:n henkil\u00f6st\u00f6 on vaitiolovelvollinen ja jokainen on allekirjoittanut salassapitosopimukset, jossa sitoutuvat olemaan paljastamatta mit\u00e4\u00e4n asiakastietoihin liittyv\u00e4\u00e4 tietoa.<\/p>\n<p class=\"p1\">Jos k\u00e4ytt\u00e4miimme j\u00e4rjestelmiin murtaudutaan niin, ett\u00e4 se vaikuttaa sinuun, saamme siit\u00e4 tiedon ja ilmoitamme siit\u00e4 mahdollisimman nopeasti ja kerromme my\u00f6hemmin mit\u00e4 vastatoimenpiteit\u00e4 me teimme. Asiakkaan on pidett\u00e4v\u00e4 oma k\u00e4ytt\u00e4j\u00e4tunnus ja salasana salassa kolmansilta osapuolilta, mik\u00e4li asiakkaalla on sellaiset.<\/p>\n<p class=\"p2\"><b>9. Tarkastus- ja kielto-oikeus<\/b><\/p>\n<p class=\"p2\">Asiakkaalla on oikeus saada tarkistaa itse\u00e4\u00e4n koskevat tiedot, oikeus vaatia virheellisen tiedon oikaisua, oikeus kielt\u00e4\u00e4 antamiensa tietojen k\u00e4yt\u00f6n suoramarkkinointi- tms. tarkoitukseen sek\u00e4 muutoinkin turvautua henkil\u00f6tietolaissa ja EU-direktiiviss\u00e4 turvattuihin oikeuksiinsa ellei laissa muuten m\u00e4\u00e4r\u00e4t\u00e4.<span class=\"Apple-converted-space\">\u00a0<\/span><\/p>\n<p class=\"p1\">Pyynn\u00f6t on osoitettava kohdassa 2 m\u00e4\u00e4ritellylle rekisterin yhteyshenkil\u00f6lle. Kaikkien tallennettujen tietojen lista voidaan pyyt\u00e4\u00e4 korkeintaan [x] kertaa vuodessa.<\/p>\n<p class=\"p2\"><b>10. Ev\u00e4steet ajanvarausj\u00e4rjestelm\u00e4n k\u00e4ytt\u00e4jille<\/b><\/p>\n<p class=\"p1\">K\u00e4yt\u00e4mme sivuillamme [jos k\u00e4yt\u00f6ss\u00e4] ja ajanvarausj\u00e4rjestelm\u00e4ss\u00e4 ns. cookie -toimintoa eli ev\u00e4steit\u00e4. Ev\u00e4ste on pieni, k\u00e4ytt\u00e4j\u00e4n selaimelle talletettava ja siell\u00e4 s\u00e4ilytett\u00e4v\u00e4 merkint\u00e4, joka mahdollistaa sen, ett\u00e4 k\u00e4ytt\u00e4j\u00e4lle voidaan luoda turvallinen istunto (sessio), jonka ajan j\u00e4rjestelm\u00e4 tiet\u00e4\u00e4 kyseess\u00e4 olevan saman k\u00e4ytt\u00e4j\u00e4n. Ilman ev\u00e4steit\u00e4 ajanvarauspalveluun kirjautuminen ei onnistu. Ev\u00e4steet eiv\u00e4t vahingoita k\u00e4ytt\u00e4jien tietokoneita tai tiedostoja. Mik\u00e4li ajanvarausj\u00e4rjestelm\u00e4ss\u00e4 vieraileva k\u00e4ytt\u00e4j\u00e4 ei halua sallia ev\u00e4steit\u00e4, se on mahdollista, mutta t\u00e4ll\u00f6in palveluiden sujuvaa toimintaa ei voida taata, sill\u00e4 ev\u00e4steet ovat tarpeellisia yll\u00e4pit\u00e4miemme sivujen ja tarjoamiemme palveluiden asianmukaiselle toimimiselle.<\/p>\n<p class=\"p2\"><b>11. IP-tiedot<\/b><\/p>\n<p class=\"p2\">Rekisterinpit\u00e4j\u00e4n k\u00e4ytt\u00e4m\u00e4ss\u00e4 Ajas-ajanvarausj\u00e4rjestelm\u00e4ss\u00e4 vierailevien k\u00e4ytt\u00e4jien IP-osoitteet tallentuvat niille varattuun lokiin. Lokia k\u00e4ytet\u00e4\u00e4n mahdollisiin virheselvityksiin sek\u00e4 tietoturvan yll\u00e4pitoon. Lokiin on p\u00e4\u00e4sy rekisterinpitoon k\u00e4ytett\u00e4v\u00e4n Ajas-j\u00e4rjestelm\u00e4n henkil\u00f6st\u00f6st\u00e4 ennalta m\u00e4\u00e4r\u00e4tyill\u00e4 henkil\u00f6ill\u00e4.<\/p>\n<p class=\"p2\"><b>12. Lains\u00e4\u00e4d\u00e4nt\u00f6<\/b><\/p>\n<p class=\"p2\">Rekisterinpit\u00e4j\u00e4 noudattaa asiakastietojen s\u00e4ilytyksess\u00e4 henkil\u00f6tiedon k\u00e4sittely\u00e4 koskevaa EU:n yleist\u00e4 tietosuoja-asetusta sek\u00e4 Suomen tietosuojalakia.<\/p>\n<p class=\"p2\">Rekisterinpit\u00e4j\u00e4 on laatinut organisaatiossa GDPR:n 30. artiklan mukaisen sis\u00e4isen Selosteen k\u00e4sittelytoimista.<\/p>\n<\/div>\n<p><!--more--><br \/>\n<!-- {\"type\":\"layout\",\"children\":[{\"type\":\"section\",\"props\":{\"html_element\":\"article\",\"image_position\":\"center-center\",\"style\":\"default\",\"title_breakpoint\":\"xl\",\"title_position\":\"top-left\",\"title_rotation\":\"left\",\"vertical_align\":\"middle\",\"width\":\"default\"},\"children\":[{\"type\":\"row\",\"props\":{\"width\":\"default\"},\"children\":[{\"type\":\"column\",\"props\":{\"image_position\":\"center-center\",\"position_sticky_breakpoint\":\"m\"},\"children\":[{\"type\":\"headline\",\"props\":{\"content\":\"Rekisteriseloste\",\"margin\":\"small\",\"maxwidth\":\"2xlarge\",\"maxwidth_breakpoint\":\"m\",\"title_color\":\"primary\",\"title_element\":\"h1\",\"title_style\":\"heading-small\"}}]}]},{\"type\":\"row\",\"props\":{\"margin\":\"large\",\"width\":\"xsmall\"},\"children\":[{\"type\":\"column\",\"props\":{\"image_position\":\"center-center\",\"position_sticky_breakpoint\":\"m\"},\"children\":[{\"type\":\"text\",\"props\":{\"column_breakpoint\":\"m\",\"content\":\"\n\n<p class=\\\"p1\\\"><b>Rekisteriseloste LIHASVELHO ajanvaraus- ja asiakastietoj\\u00e4rjestelm\\u00e4lle sek\\u00e4 Tietosuoja-asetuksen mukainen informointi tiedon tallentamisesta.<\\\/b><\\\/p>\\n\n\n<p class=\\\"p2\\\"><b>1. Rekisterinpit\\u00e4j\\u00e4<\\\/b><\\\/p>\\n\n\n<p class=\\\"p2\\\">Rekisterinpit\\u00e4j\\u00e4: Lihasvelho<\\\/p>\\n\n\n<p class=\\\"p2\\\">Y-tunnus: 2604438-6<\\\/p>\\n\n\n<p class=\\\"p2\\\">Osoite: Lumparlankatu 1 A, 21100 Raisio<\\\/p>\\n\n\n<p class=\\\"p1\\\">S\\u00e4hk\\u00f6postiosoite: info@lihasvelho.fi<\\\/p>\\n\n\n<p class=\\\"p2\\\"><b>2. Rekisteriasioita hoitavat henkil\\u00f6t<\\\/b><\\\/p>\\n\n\n<p class=\\\"p2\\\"><span class=\\\"s1\\\">Rekisterin yhteyshenkil\\u00f6<\\\/span><\\\/p>\\n\n\n<p class=\\\"p1\\\">Jasmin B\\u00e4ckman | jasmin@lihasvelho.fi | Lumparlankatu 1 A, 21100 Raisio | 045 899 6144<\\\/p>\\n\n\n<p class=\\\"p2\\\"><b>3. Rekisterin nimi<\\\/b><\\\/p>\\n\n\n<p class=\\\"p1\\\">Lihasvelho laskutuksen ja ajanvarausten rekisteri<span class=\\\"Apple-converted-space\\\">\\u00a0<\\\/span><\\\/p>\\n\n\n<p class=\\\"p2\\\"><b>4. Rekisterin k\\u00e4ytt\\u00f6tarkoitus ja tietol\\u00e4hteet<\\\/b><\\\/p>\\n\n\n<p class=\\\"p2\\\">Rekisterin k\\u00e4ytt\\u00f6tarkoitus on asiakassuhteen parantaminen, ajanvarausten mahdollistaminen ja laskutustietojen yll\\u00e4pito.<\\\/p>\\n\n\n<p class=\\\"p2\\\">Tietoja ker\\u00e4t\\u00e4\\u00e4n rekister\\u00f6idyilt\\u00e4 itselt\\u00e4\\u00e4n. Tiedot tallennetaan ajanvarauksen yhteydess\\u00e4.<\\\/p>\\n\n\n<p class=\\\"p2\\\">Tietoja ker\\u00e4t\\u00e4\\u00e4n my\\u00f6s asiakasta palvelevalta hoitohenkil\\u00f6st\\u00f6lt\\u00e4. Ker\\u00e4tt\\u00e4vi\\u00e4 henkil\\u00f6tietoja k\\u00e4ytet\\u00e4\\u00e4n Rekisterinpit\\u00e4j\\u00e4n ja asiakkaan asiakassuhteiden yll\\u00e4pitoon, laskutukseen, sek\\u00e4 palvelun edellytt\\u00e4mien yhteydenottojen ja viestien mahdollistamiseen. Jos asiakkaan ja Rekisterinpit\\u00e4j\\u00e4n v\\u00e4lill\\u00e4 on hoitosuhde, j\\u00e4rjestelm\\u00e4\\u00e4n voidaan tallentaa my\\u00f6s hoitosuhteen kannalta asiakkaan tallennettavaksi hyv\\u00e4ksym\\u00e4t tiedot. Asiakkaan toiveesta hoitotietojen osalta\\u00a0 tietoja voidaan vied\\u00e4 viranomaisten yll\\u00e4pit\\u00e4m\\u00e4\\u00e4n Kanta-arkistoon. Tietoja ei luovuteta kolmansien osapuolien k\\u00e4ytt\\u00f6\\u00f6n. Rekisterinpit\\u00e4j\\u00e4 voi my\\u00f6s l\\u00e4hett\\u00e4\\u00e4 markkinointi- ja muita tiedotusviestej\\u00e4 asiakkaalle, mik\\u00e4li asiakas on sen sallinut. Asiakas voi kielt\\u00e4yty\\u00e4 n\\u00e4ist\\u00e4 tiedotteista ilmoittamalla siit\\u00e4 s\\u00e4hk\\u00f6postitse osoitteeseen info@lihasvelho.fi.<\\\/p>\\n\n\n<p class=\\\"p2\\\"><b>5. Rekisterin tietosis\\u00e4lt\\u00f6<\\\/b><\\\/p>\\n\n\n<p class=\\\"p1\\\">Rekisteriin talletetaan tai voidaan tallettaa seuraavat tiedot: nimi, s\\u00e4hk\\u00f6postiosoite, osoite (mahdollisesti), puhelinnumero, sukupuoli (mahdollisesti), syntym\\u00e4vuosi (mahdollisesti), syntym\\u00e4aika tai henkil\\u00f6tunnus (jos laki edellytt\\u00e4\\u00e4 sit\\u00e4 hoitosuhteen perusteella), asiakkaan laskutustiedot, kuten etu- ja sukunimi, kieli, tieto asiakaskirjeiden vastaanotosta s\\u00e4hk\\u00f6postitse ja tekstiviestitse, viimeisin sis\\u00e4\\u00e4nkirjautuminen(jos kirjautuminen ajanvaraukseen k\\u00e4yt\\u00f6ss\\u00e4), tiedot siit\\u00e4 kuka asiakastietoja on katsellut ja muokannut, tehdyt varaukset, asiakask\\u00e4ynnit, maksut ja tieto siit\\u00e4 kuka niit\\u00e4 on katsellut tai muokannut.<span class=\\\"Apple-converted-space\\\">\\u00a0<\\\/span><\\\/p>\\n\n\n<p class=\\\"p2\\\"><b>6. Tietojen luovuttaminen s\\u00e4\\u00e4nn\\u00f6nmukaisesti ja siirret\\u00e4\\u00e4nk\\u00f6 tietoja EU:n tai Euroopan talousalueen ulkopuolelle<\\\/b><\\\/p>\\n\n\n<p class=\\\"p1\\\">Tietoja ei luovuteta kolmansille osapuolille eik\\u00e4 EU:n tai Euroopan talousalueen ulkopuolelle.<span class=\\\"Apple-converted-space\\\">\\u00a0<\\\/span><\\\/p>\\n\n\n<p class=\\\"p2\\\"><b>7. Tietojen s\\u00e4ilytys<\\\/b><\\\/p>\\n\n\n<p class=\\\"p2\\\">Tietoja s\\u00e4ilytet\\u00e4\\u00e4n asiakassuhteen jatkumisen ajan tai niin pitk\\u00e4\\u00e4n kun laki sit\\u00e4 edellytt\\u00e4\\u00e4. Tietojen s\\u00e4ilytyksess\\u00e4 on huomioitu sit\\u00e4 koskevat lait, asetukset ja direktiivit.<span>\\u00a0<\\\/span><span class=\\\"Apple-converted-space\\\">\\u00a0<\\\/span><\\\/p>\\n\n\n<p class=\\\"p1\\\">Tiedot voidaan vaatia poistettavaksi mik\\u00e4li laki sen sallii ja asiakas niin pyyt\\u00e4\\u00e4.<\\\/p>\\n\n\n<p class=\\\"p2\\\"><b>8. Tietojen suojauksen periaatteita<\\\/b><\\\/p>\\n\n\n<p class=\\\"p2\\\">Rekisterinpit\\u00e4j\\u00e4n k\\u00e4ytt\\u00e4m\\u00e4 palvelimen yll\\u00e4pit\\u00e4j\\u00e4 ja GDPR-asetuksen mukainen Tiedon k\\u00e4sittelij\\u00e4 on Ajas Oy.<\\\/p>\\n\n\n<p class=\\\"p2\\\">Ajas on A1 luokan potilastietoj\\u00e4rjestelm\\u00e4ksi sertifioitu. Sertifiointiprosessissa on varmennettu tietoturvak\\u00e4yt\\u00e4nn\\u00f6t ulkoisen auditointitalon toimesta.<\\\/p>\\n\n\n<p class=\\\"p2\\\">Rekisteritiedon k\\u00e4sittelyyn k\\u00e4ytett\\u00e4v\\u00e4 verkkopalvelu on suojattu salasanoin ja palvelin sek\\u00e4 muut palvelimet ovat suojattuja palomuurein, salasanoin ja muin teknisin keinoin. Salasanoja ei tallennetta palvelimelle selkokielisen\\u00e4 vaan ne s\\u00e4ilytet\\u00e4\\u00e4n suolattuina ja kryptattuina \\u201csalt\\u201d kulloinkin turvallisena pidettyn\\u00e4 menetelm\\u00e4\\u00e4 k\\u00e4ytt\\u00e4en. Palvelin sijaitsee lukitussa ja vartioidussa tilassa Upcloud Oy:n palvelinsalissa Helsingiss\\u00e4. Tietojen s\\u00e4ilyvyys on varmistettu automaattisten varmuuskopioiden avulla.<\\\/p>\\n\n\n<p class=\\\"p2\\\">Ajas Oy:n henkil\\u00f6st\\u00f6 on vaitiolovelvollinen ja jokainen on allekirjoittanut salassapitosopimukset, jossa sitoutuvat olemaan paljastamatta mit\\u00e4\\u00e4n asiakastietoihin liittyv\\u00e4\\u00e4 tietoa.<\\\/p>\\n\n\n<p class=\\\"p1\\\">Jos k\\u00e4ytt\\u00e4miimme j\\u00e4rjestelmiin murtaudutaan niin, ett\\u00e4 se vaikuttaa sinuun, saamme siit\\u00e4 tiedon ja ilmoitamme siit\\u00e4 mahdollisimman nopeasti ja kerromme my\\u00f6hemmin mit\\u00e4 vastatoimenpiteit\\u00e4 me teimme. Asiakkaan on pidett\\u00e4v\\u00e4 oma k\\u00e4ytt\\u00e4j\\u00e4tunnus ja salasana salassa kolmansilta osapuolilta, mik\\u00e4li asiakkaalla on sellaiset.<\\\/p>\\n\n\n<p class=\\\"p2\\\"><b>9. Tarkastus- ja kielto-oikeus<\\\/b><\\\/p>\\n\n\n<p class=\\\"p2\\\">Asiakkaalla on oikeus saada tarkistaa itse\\u00e4\\u00e4n koskevat tiedot, oikeus vaatia virheellisen tiedon oikaisua, oikeus kielt\\u00e4\\u00e4 antamiensa tietojen k\\u00e4yt\\u00f6n suoramarkkinointi- tms. tarkoitukseen sek\\u00e4 muutoinkin turvautua henkil\\u00f6tietolaissa ja EU-direktiiviss\\u00e4 turvattuihin oikeuksiinsa ellei laissa muuten m\\u00e4\\u00e4r\\u00e4t\\u00e4.<span class=\\\"Apple-converted-space\\\">\\u00a0<\\\/span><\\\/p>\\n\n\n<p class=\\\"p1\\\">Pyynn\\u00f6t on osoitettava kohdassa 2 m\\u00e4\\u00e4ritellylle rekisterin yhteyshenkil\\u00f6lle. Kaikkien tallennettujen tietojen lista voidaan pyyt\\u00e4\\u00e4 korkeintaan [x] kertaa vuodessa.<\\\/p>\\n\n\n<p class=\\\"p2\\\"><b>10. Ev\\u00e4steet ajanvarausj\\u00e4rjestelm\\u00e4n k\\u00e4ytt\\u00e4jille<\\\/b><\\\/p>\\n\n\n<p class=\\\"p1\\\">K\\u00e4yt\\u00e4mme sivuillamme [jos k\\u00e4yt\\u00f6ss\\u00e4] ja ajanvarausj\\u00e4rjestelm\\u00e4ss\\u00e4 ns. cookie -toimintoa eli ev\\u00e4steit\\u00e4. Ev\\u00e4ste on pieni, k\\u00e4ytt\\u00e4j\\u00e4n selaimelle talletettava ja siell\\u00e4 s\\u00e4ilytett\\u00e4v\\u00e4 merkint\\u00e4, joka mahdollistaa sen, ett\\u00e4 k\\u00e4ytt\\u00e4j\\u00e4lle voidaan luoda turvallinen istunto (sessio), jonka ajan j\\u00e4rjestelm\\u00e4 tiet\\u00e4\\u00e4 kyseess\\u00e4 olevan saman k\\u00e4ytt\\u00e4j\\u00e4n. Ilman ev\\u00e4steit\\u00e4 ajanvarauspalveluun kirjautuminen ei onnistu. Ev\\u00e4steet eiv\\u00e4t vahingoita k\\u00e4ytt\\u00e4jien tietokoneita tai tiedostoja. Mik\\u00e4li ajanvarausj\\u00e4rjestelm\\u00e4ss\\u00e4 vieraileva k\\u00e4ytt\\u00e4j\\u00e4 ei halua sallia ev\\u00e4steit\\u00e4, se on mahdollista, mutta t\\u00e4ll\\u00f6in palveluiden sujuvaa toimintaa ei voida taata, sill\\u00e4 ev\\u00e4steet ovat tarpeellisia yll\\u00e4pit\\u00e4miemme sivujen ja tarjoamiemme palveluiden asianmukaiselle toimimiselle.<\\\/p>\\n\n\n<p class=\\\"p2\\\"><b>11. IP-tiedot<\\\/b><\\\/p>\\n\n\n<p class=\\\"p2\\\">Rekisterinpit\\u00e4j\\u00e4n k\\u00e4ytt\\u00e4m\\u00e4ss\\u00e4 Ajas-ajanvarausj\\u00e4rjestelm\\u00e4ss\\u00e4 vierailevien k\\u00e4ytt\\u00e4jien IP-osoitteet tallentuvat niille varattuun lokiin. Lokia k\\u00e4ytet\\u00e4\\u00e4n mahdollisiin virheselvityksiin sek\\u00e4 tietoturvan yll\\u00e4pitoon. Lokiin on p\\u00e4\\u00e4sy rekisterinpitoon k\\u00e4ytett\\u00e4v\\u00e4n Ajas-j\\u00e4rjestelm\\u00e4n henkil\\u00f6st\\u00f6st\\u00e4 ennalta m\\u00e4\\u00e4r\\u00e4tyill\\u00e4 henkil\\u00f6ill\\u00e4.<\\\/p>\\n\n\n<p class=\\\"p2\\\"><b>12. Lains\\u00e4\\u00e4d\\u00e4nt\\u00f6<\\\/b><\\\/p>\\n\n\n<p class=\\\"p2\\\">Rekisterinpit\\u00e4j\\u00e4 noudattaa asiakastietojen s\\u00e4ilytyksess\\u00e4 henkil\\u00f6tiedon k\\u00e4sittely\\u00e4 koskevaa EU:n yleist\\u00e4 tietosuoja-asetusta sek\\u00e4 Suomen tietosuojalakia.<\\\/p>\\n\n\n<p class=\\\"p2\\\">Rekisterinpit\\u00e4j\\u00e4 on laatinut organisaatiossa GDPR:n 30. artiklan mukaisen sis\\u00e4isen Selosteen k\\u00e4sittelytoimista.<\\\/p>\",\"margin\":\"default\"}}]}]}],\"name\":\"Post\"}],\"version\":\"4.3.13\"} --><\/p>\n","protected":false},"excerpt":{"rendered":"<p>Rekisteriseloste Rekisteriseloste LIHASVELHO ajanvaraus- ja asiakastietoj\u00e4rjestelm\u00e4lle sek\u00e4 Tietosuoja-asetuksen mukainen informointi tiedon tallentamisesta. 1. Rekisterinpit\u00e4j\u00e4 Rekisterinpit\u00e4j\u00e4: Lihasvelho Y-tunnus: 2604438-6 Osoite: Lumparlankatu 1 A, 21100 Raisio S\u00e4hk\u00f6postiosoite: info@lihasvelho.fi 2. Rekisteriasioita hoitavat henkil\u00f6t Rekisterin yhteyshenkil\u00f6 Jasmin B\u00e4ckman | jasmin@lihasvelho.fi | Lumparlankatu 1 A, 21100 Raisio | 045 899 6144 3. Rekisterin nimi Lihasvelho laskutuksen ja ajanvarausten rekisteri\u00a0 4. [&hellip;]<\/p>\n","protected":false},"author":1,"featured_media":0,"parent":0,"menu_order":0,"comment_status":"closed","ping_status":"closed","template":"","meta":{"footnotes":""},"class_list":["post-320","page","type-page","status-publish","hentry"],"yoast_head":"<!-- This site is optimized with the Yoast SEO plugin v27.5 - https:\/\/yoast.com\/product\/yoast-seo-wordpress\/ -->\n<title>Rekisteriseloste - Lihasvelho<\/title>\n<meta name=\"robots\" content=\"index, follow, max-snippet:-1, max-image-preview:large, max-video-preview:-1\" \/>\n<link rel=\"canonical\" href=\"https:\/\/www.lihasvelho.fi\/?page_id=320\" \/>\n<meta property=\"og:locale\" content=\"en_US\" \/>\n<meta property=\"og:type\" content=\"article\" \/>\n<meta property=\"og:title\" content=\"Rekisteriseloste - Lihasvelho\" \/>\n<meta property=\"og:description\" content=\"Rekisteriseloste Rekisteriseloste LIHASVELHO ajanvaraus- ja asiakastietoj\u00e4rjestelm\u00e4lle sek\u00e4 Tietosuoja-asetuksen mukainen informointi tiedon tallentamisesta. 1. Rekisterinpit\u00e4j\u00e4 Rekisterinpit\u00e4j\u00e4: Lihasvelho Y-tunnus: 2604438-6 Osoite: Lumparlankatu 1 A, 21100 Raisio S\u00e4hk\u00f6postiosoite: info@lihasvelho.fi 2. Rekisteriasioita hoitavat henkil\u00f6t Rekisterin yhteyshenkil\u00f6 Jasmin B\u00e4ckman | jasmin@lihasvelho.fi | Lumparlankatu 1 A, 21100 Raisio | 045 899 6144 3. Rekisterin nimi Lihasvelho laskutuksen ja ajanvarausten rekisteri\u00a0 4. [&hellip;]\" \/>\n<meta property=\"og:url\" content=\"https:\/\/www.lihasvelho.fi\/?page_id=320\" \/>\n<meta property=\"og:site_name\" content=\"Lihasvelho\" \/>\n<meta name=\"twitter:card\" content=\"summary_large_image\" \/>\n<meta name=\"twitter:label1\" content=\"Est. reading time\" \/>\n\t<meta name=\"twitter:data1\" content=\"3 minutes\" \/>\n<script type=\"application\/ld+json\" class=\"yoast-schema-graph\">{\"@context\":\"https:\\\/\\\/schema.org\",\"@graph\":[{\"@type\":\"WebPage\",\"@id\":\"https:\\\/\\\/www.lihasvelho.fi\\\/?page_id=320\",\"url\":\"https:\\\/\\\/www.lihasvelho.fi\\\/?page_id=320\",\"name\":\"Rekisteriseloste - Lihasvelho\",\"isPartOf\":{\"@id\":\"http:\\\/\\\/www.lihasvelho.fi\\\/#website\"},\"datePublished\":\"2024-05-11T20:49:58+00:00\",\"breadcrumb\":{\"@id\":\"https:\\\/\\\/www.lihasvelho.fi\\\/?page_id=320#breadcrumb\"},\"inLanguage\":\"en\",\"potentialAction\":[{\"@type\":\"ReadAction\",\"target\":[\"https:\\\/\\\/www.lihasvelho.fi\\\/?page_id=320\"]}]},{\"@type\":\"BreadcrumbList\",\"@id\":\"https:\\\/\\\/www.lihasvelho.fi\\\/?page_id=320#breadcrumb\",\"itemListElement\":[{\"@type\":\"ListItem\",\"position\":1,\"name\":\"Home\",\"item\":\"http:\\\/\\\/www.lihasvelho.fi\\\/\"},{\"@type\":\"ListItem\",\"position\":2,\"name\":\"Rekisteriseloste\"}]},{\"@type\":\"WebSite\",\"@id\":\"http:\\\/\\\/www.lihasvelho.fi\\\/#website\",\"url\":\"http:\\\/\\\/www.lihasvelho.fi\\\/\",\"name\":\"Lihasvelho\",\"description\":\"Lihasvelho &ndash; urheiluhieroja Raisiossa\",\"potentialAction\":[{\"@type\":\"SearchAction\",\"target\":{\"@type\":\"EntryPoint\",\"urlTemplate\":\"http:\\\/\\\/www.lihasvelho.fi\\\/?s={search_term_string}\"},\"query-input\":{\"@type\":\"PropertyValueSpecification\",\"valueRequired\":true,\"valueName\":\"search_term_string\"}}],\"inLanguage\":\"en\"}]}<\/script>\n<!-- \/ Yoast SEO plugin. -->","yoast_head_json":{"title":"Rekisteriseloste - Lihasvelho","robots":{"index":"index","follow":"follow","max-snippet":"max-snippet:-1","max-image-preview":"max-image-preview:large","max-video-preview":"max-video-preview:-1"},"canonical":"https:\/\/www.lihasvelho.fi\/?page_id=320","og_locale":"en_US","og_type":"article","og_title":"Rekisteriseloste - Lihasvelho","og_description":"Rekisteriseloste Rekisteriseloste LIHASVELHO ajanvaraus- ja asiakastietoj\u00e4rjestelm\u00e4lle sek\u00e4 Tietosuoja-asetuksen mukainen informointi tiedon tallentamisesta. 1. Rekisterinpit\u00e4j\u00e4 Rekisterinpit\u00e4j\u00e4: Lihasvelho Y-tunnus: 2604438-6 Osoite: Lumparlankatu 1 A, 21100 Raisio S\u00e4hk\u00f6postiosoite: info@lihasvelho.fi 2. Rekisteriasioita hoitavat henkil\u00f6t Rekisterin yhteyshenkil\u00f6 Jasmin B\u00e4ckman | jasmin@lihasvelho.fi | Lumparlankatu 1 A, 21100 Raisio | 045 899 6144 3. Rekisterin nimi Lihasvelho laskutuksen ja ajanvarausten rekisteri\u00a0 4. [&hellip;]","og_url":"https:\/\/www.lihasvelho.fi\/?page_id=320","og_site_name":"Lihasvelho","twitter_card":"summary_large_image","twitter_misc":{"Est. reading time":"3 minutes"},"schema":{"@context":"https:\/\/schema.org","@graph":[{"@type":"WebPage","@id":"https:\/\/www.lihasvelho.fi\/?page_id=320","url":"https:\/\/www.lihasvelho.fi\/?page_id=320","name":"Rekisteriseloste - Lihasvelho","isPartOf":{"@id":"http:\/\/www.lihasvelho.fi\/#website"},"datePublished":"2024-05-11T20:49:58+00:00","breadcrumb":{"@id":"https:\/\/www.lihasvelho.fi\/?page_id=320#breadcrumb"},"inLanguage":"en","potentialAction":[{"@type":"ReadAction","target":["https:\/\/www.lihasvelho.fi\/?page_id=320"]}]},{"@type":"BreadcrumbList","@id":"https:\/\/www.lihasvelho.fi\/?page_id=320#breadcrumb","itemListElement":[{"@type":"ListItem","position":1,"name":"Home","item":"http:\/\/www.lihasvelho.fi\/"},{"@type":"ListItem","position":2,"name":"Rekisteriseloste"}]},{"@type":"WebSite","@id":"http:\/\/www.lihasvelho.fi\/#website","url":"http:\/\/www.lihasvelho.fi\/","name":"Lihasvelho","description":"Lihasvelho &ndash; urheiluhieroja Raisiossa","potentialAction":[{"@type":"SearchAction","target":{"@type":"EntryPoint","urlTemplate":"http:\/\/www.lihasvelho.fi\/?s={search_term_string}"},"query-input":{"@type":"PropertyValueSpecification","valueRequired":true,"valueName":"search_term_string"}}],"inLanguage":"en"}]}},"_links":{"self":[{"href":"https:\/\/www.lihasvelho.fi\/index.php?rest_route=\/wp\/v2\/pages\/320","targetHints":{"allow":["GET"]}}],"collection":[{"href":"https:\/\/www.lihasvelho.fi\/index.php?rest_route=\/wp\/v2\/pages"}],"about":[{"href":"https:\/\/www.lihasvelho.fi\/index.php?rest_route=\/wp\/v2\/types\/page"}],"author":[{"embeddable":true,"href":"https:\/\/www.lihasvelho.fi\/index.php?rest_route=\/wp\/v2\/users\/1"}],"replies":[{"embeddable":true,"href":"https:\/\/www.lihasvelho.fi\/index.php?rest_route=%2Fwp%2Fv2%2Fcomments&post=320"}],"version-history":[{"count":4,"href":"https:\/\/www.lihasvelho.fi\/index.php?rest_route=\/wp\/v2\/pages\/320\/revisions"}],"predecessor-version":[{"id":324,"href":"https:\/\/www.lihasvelho.fi\/index.php?rest_route=\/wp\/v2\/pages\/320\/revisions\/324"}],"wp:attachment":[{"href":"https:\/\/www.lihasvelho.fi\/index.php?rest_route=%2Fwp%2Fv2%2Fmedia&parent=320"}],"curies":[{"name":"wp","href":"https:\/\/api.w.org\/{rel}","templated":true}]}}